 - 127. Let m(v) = -151*v - 127. Let n(w) = 2*b(w) - 3*m(w). Is n(10) prime?
True
Let s(j) = j**2 - 4*j + 9. Let v be s(4). Suppose v*d = 8 + 28. Suppose 4*o - 168 = 2*o + g, o = -d*g + 75. Is o prime?
True
Let w(c) = 17*c**3 + 13*c**2 - 8*c + 8. Let a(i) be the first derivative of -2*i**4 - 7*i**3/3 + 2*i**2 - 4*i + 10. Let o(y) = 5*a(y) + 2*w(y). Is o(-7) prime?
False
Let w(c) be the third derivative of 91*c**6/60 + 7*c**5/60 - 11*c**4/24 + 5*c**3/6 + 189*c**2. Is w(4) composite?
True
Let p(f) = f**2 + 4*f - 15. Let o be p(-7). Suppose o*i + 1228 = 10*i. Let t = i + 100. Is t prime?
False
Suppose -4*k = 5*w - 360390, -13*w = -10*w + k - 216234. Suppose 2*m + 2*h = w, 13*m - 3*h - 36031 = 12*m. Is m prime?
True
Suppose -32*o + 45203 + 57389 = 0. Let u = 7383 + o. Is u prime?
True
Suppose 36*p + 5 = 35*p. Let k be (-20)/(-50) - 13/p. Let a(w) = 350*w + 5. Is a(k) composite?
True
Is (10035/135)/((-1780)/(-1779) + -1) a prime number?
False
Suppose 96 = -11*n - 5*n. Let l be (n/(-12))/(1/4). Suppose -4*t + 594 = 3*o - 2*o, -o - 300 = -l*t. Is t composite?
False
Suppose -34*t - 3*v = -38*t + 1163164, 4*t - 1163164 = 4*v. Is t composite?
False
Suppose -4*d + 56 = 36. Let o(x) be the second derivative of 3*x**4/2 + x**2/2 - x. Is o(d) a composite number?
True
Suppose -p - 6 = -b, -p - b - 24 = 4*p. Let j be 2/(12/15)*(-6)/p. Suppose -4*x + 864 = -j*z - z, 0 = -5*x + 4*z + 1081. Is x a prime number?
False
Suppose -3*j = 4*o - 5411, -5*j = 5*o + 1957 - 10972. Is j a prime number?
True
Let f = -350 + 354. Let d(o) = 12*o**3 + 3*o**2 - 3. Is d(f) prime?
False
Suppose 175*u - 59006616 = -38*u + 70190451. Is u prime?
True
Let y = -8029 - -11775. Let d = -2185 + y. Is d a composite number?
True
Suppose -20*x + 22*x = 40. Suppose y - x*y = -52573. Is y a prime number?
True
Let u = 23628 + -14965. Is u prime?
True
Let d(o) = -o**2 + 4. Let g be d(-3). Let l(c) = -7*c - 36. Let a be l(g). Is a - -970 - (0 + -2) a composite number?
False
Let h(d) = -9510*d + 1357. Is h(-7) a prime number?
True
Let c(v) = -212*v + 77. Let w be c(7). Suppose 3*g = 5*g - 4444. Let l = w + g. Is l composite?
True
Let m(d) = 5*d + 3. Let a be m(-7). Let v = 38 + a. Is v prime?
False
Suppose -103*q + 11042672 = -87*q. Is q composite?
True
Suppose -14*d + 90691510 = 116*d. Is d a composite number?
True
Suppose o - 3*o = -7*o. Suppose o = -3*q - 5*v + 4, -4*v - 2 = 4*q - v. Is -1*1 - (q - 918) prime?
True
Suppose 137596 = -18*d - 22208. Let p = d + 13379. Is p a composite number?
True
Let f(v) = -v**3 - 29*v**2 - 95*v - 47. Let l be f(-40). Suppose -l = -13*y + 8924. Is y a composite number?
True
Let u be 9 + -12 - (-22841 + 2). Suppose 7*v - 37105 = u. Is v composite?
False
Let u(o) be the third derivative of 11*o**5/60 - 53*o**4/24 - 61*o**3/6 + 20*o**2 + 4. Is u(49) composite?
False
Let f(o) = -6*o**2 - 12*o - 14. Let a be f(10). Let w be 2 - (-2)/((-4)/a). Let y = w + 172. Is y prime?
True
Let s(u) = -20*u - u**3 - 6 - 11*u**2 - 1 + 5*u**2 + 23*u. Is s(-9) composite?
True
Suppose 3*w + 3*m - m = -17, 5*w + 2*m + 35 = 0. Let z be (2/6)/(w/(-3159)*9). Is ((-2)/7 - 326/(-14))*z a prime number?
False
Suppose 4 = -4*v + 3*v. Let a be 46 + 5 + 12/v. Suppose 5*n = 15, -n - a = -4*x + 409. Is x prime?
False
Suppose 12*a - 2130139 - 1741640 = -214383. Is a prime?
False
Is 10/7 + 710137626/1694 prime?
False
Let y be (381/15)/((-1)/(-5) + 0). Suppose -130*d + y*d = -38739. Is d prime?
False
Let v(k) = 21242*k - 109. Is v(7) a composite number?
True
Is (-90)/36 - (-1628693)/22 a composite number?
True
Let h = -103 + 106. Suppose -4*q + 5*k + 10267 = 0, -h*q + 3*k = -0*q - 7698. Is q composite?
True
Suppose 78*t = 81*t + 597. Let w = t + 386. Is w prime?
False
Let p be (-5)/(5/6) + 9. Suppose 1902 = p*u - 3*j, 4*u = 7*u - 4*j - 1905. Is u a composite number?
False
Suppose 5917 = 3*w - g, 1142*w = 1145*w - 4*g - 5911. Is w a composite number?
False
Let h(f) = 170*f**2 - 6*f - 26. Suppose -6 = 3*v + g, 7*g - 8*g + 6 = -v. Is h(v) prime?
False
Let f(r) = 16*r**2 - 14*r + 4*r - 7*r + r**3 + 2. Let v be f(-17). Suppose x + 3*q = 775, v*q + 21 = 13. Is x prime?
True
Let s = 9695 + 4656. Is s prime?
False
Let k(j) = -4*j - 16. Let q be k(-7). Suppose -14*u + q = -12*u. Suppose 8*n - 10694 = u*n. Is n prime?
True
Suppose -116736 = -9*i - 7*i. Suppose 17062 = 7*b - u, 3*b + 0*u - i = -5*u. Is b a prime number?
True
Let j be 2/(((-55)/(-6830))/11). Let m = 16485 - j. Is m a prime number?
False
Suppose 120 = -30*b + 27*b. Let d = 5 - b. Is 3 - (-9)/(d/940) composite?
False
Let p be ((-15414)/4)/(72/(-96)). Suppose -3*i + 4*w + 21179 = p, 0 = i - 2*w - 5345. Is i a prime number?
True
Suppose 15*v = 40*v - 22*v - 114339. Is v a prime number?
True
Is (-4 - 102/(-24))*390964 a composite number?
True
Let k = -186 + 190. Suppose 4*o + 3631 = 3*l, -l - 3*o = -k*o - 1211. Is l a composite number?
False
Suppose 27128 = -21*i - 1096. Let l = i + 2102. Is l prime?
False
Let y(o) = o**3 - 7*o**2 - o + 9. Let r be y(7). Let p(x) = -5*x**2 + 2*x + 4. Let s be p(r). Is (-1389)/s + 27/(-36) a composite number?
True
Suppose 3*d - 11 = 28. Let z(l) = 4 + 5*l**2 - 89*l**3 - d*l + 9*l + 9*l. Is z(-3) a composite number?
False
Suppose 5*p - 1274830 = -100*j + 105*j, -5*j = 35. Is p composite?
False
Let n be 55/2*(16 + -14). Suppose 57*f - 2134 = n*f. Is f composite?
True
Let u(m) = 666*m - 113. Let g = -457 + 483. Is u(g) a prime number?
True
Suppose 6*a = -8*a + 3*a. Suppose a = 10*d - 18*d + 31528. Is d a prime number?
False
Let z(a) = 5221*a**2 + 152*a - 1480. Is z(9) prime?
True
Let o(u) be the first derivative of u**6/90 + u**5/120 + 25*u**4/24 - 7*u**3 - 18. Let q(d) be the third derivative of o(d). Is q(12) prime?
True
Let t(n) = 10135*n**3 - 36*n**2 - 28*n - 16. Let d(i) = 3378*i**3 - 11*i**2 - 9*i - 5. Let p(m) = -7*d(m) + 2*t(m). Is p(-1) prime?
False
Suppose 0 = -4*w + 6*w + j - 54, -5*w + 136 = 2*j. Let m = w - 34. Is ((-3554)/6 - -1)/(m/9) a composite number?
False
Let s = -9 + 25. Let b be (-1)/(-2) - (-16680)/s. Let v = -486 + b. Is v prime?
True
Let m = -3 + 3. Let c(g) = 98*g**2 - 3*g + 1. Let i be c(7). Suppose -4*o + 10*o - i = m. Is o composite?
False
Let d = -119800 + 434979. Is d prime?
True
Let f(o) = -75376*o - 1399. Is f(-12) a prime number?
False
Let y(p) = 13295*p**3 - 21*p**2 + 40*p + 17. Is y(3) composite?
True
Let c(r) = -r**2 + r + 9. Let v be c(5). Let d(g) = g**3 + 13*g**2 + g - 15. Let s be d(v). Suppose -5*m + s = -679. Is m a prime number?
True
Let y(z) = z**3 - 22*z**2 + 20*z + 20. Let x be y(21). Let k = 1 + x. Suppose 2*f = 2*t - 4624, k = 4*t + 2*f + f - 9213. Is t a prime number?
False
Let o(a) = -9*a + 5. Let k be o(5). Let p be 26/3*1*(-60)/k. Suppose 4*i - v - 183 = -p, -3*i = -v - 127. Is i prime?
True
Let v = 501 - 382. Suppose 0 = -2*w - 3*j + 394, 505 - v = 2*w + 5*j. Is w a prime number?
False
Let c(n) = -16*n**3 + 2*n**2 - 3*n + 1. Let k be c(1). Let j be ((-4)/(-6))/(k/24). Is j/(-5) + 31284/30 a prime number?
False
Let h = -1845 + 3371. Let d = -25030 + h. Is (d/12)/(-2) - 3/9 prime?
False
Suppose i + 75 = 5*q - 4*i, 0 = i - 1. Let s(p) = q + 5*p - 2*p - 8 + 6. Is s(13) prime?
True
Suppose 5*q + 4*r - 191505 = 0, 134976 = 5*q - 3*r - 56494. Is q composite?
True
Let p(l) = 3396*l**2 - 11*l + 49. Let a be p(5). Suppose 7*g - 84933 = a. Is g prime?
False
Let b = 41011 + -62770. Let a = b - -37256. Is a composite?
False
Let c(d) = -d**3 + 10*d**2 - 10*d + 13. Let x be c(9). Suppose -b = -5*f + 4390, 0 = 5*f - x*f - b - 882. Is f prime?
True
Let y be 0/(-2 - ((-24)/(-4))/(-6)). Let r(x) = -x**2 + 188 - 3*x + 315 + 0*x**2. Is r(y) a composite number?
False
Let x(r) = 11634*r**2 + 2*r + 41. Is x(-5) a prime number?
False
Suppose 0 = -4*n + 1 + 3. Let w be 4 + n*-6 - -57. Is 34232/w + (-2)/5 a prime number?
False
Let s = 5103 + -1231. Suppose -j - 1926 = -3*j + 4*b, -2*b = 4*j - s. Is j a composite number?
False
Let v(i) = 3*i**2 + 14*i + 10. Let w be v(-5). Suppose -49973 - 46762 = -w*z. Is z a prime number?
True
Suppose -26*x = 38*x - 78016. Is x a composite number?
True
Suppose -3*i + 12 = 0, -i = -3*m + 2*i - 3. Suppose -2*k + 2570 = -4*h, 4*k - m*h - h - 5136 = 0. Suppose -7*l + k = -1496. Is l a composite number?
False
Suppose -28*f + 28241 = 3*f. Let d(a) = 15*a**2 - 9.